ase 16?
-1597
-10012 (base 3) to base 16
-56
What is 122753 (base 8) in base 6?
524351
15883 (base 10) to base 4
3320023
Convert 2112011 (base 3) to base 14.
956
1000 (base 10) to base 14
516
ba3 (base 12) to base 8
3253
91e (base 16) to base 15
a59
Convert 10011011011010 (base 2) to base 3.
111122101
What is 22010 (base 5) in base 16?
5e1
Convert -1d51d (base 14) to base 9.
-124008
Convert -1a61 (base 15) to base 8.
-13124
Convert 200 (base 8) to base 11.
107
Convert -123123 (base 4) to base 3.
-2102000
-383 (base 10) to base 12
-27b
Convert 4d4 (base 14) to base 13.
598
-36a (base 13) to base 2
-1001010011
Convert 3710 (base 16) to base 4.
3130100
Convert 2263 (base 12) to base 14.
156b
-200402 (base 5) to base 8
-14320
Convert -101100110101 (base 2) to base 15.
-cb4
1076 (base 9) to base 6
3410
What is -24216 (base 8) in base 3?
-112020112
Convert -1036 (base 7) to base 3.
-111201
What is 2c (base 16) in base 15?
2e
121405 (base 7) to base 3
1010101111
What is -102332 (base 8) in base 7?
-201104
-12121003 (base 4) to base 10
-26179
What is 77d (base 15) in base 5?
23233
Convert 3705 (base 9) to base 16.
ac7
Convert -101101101 (base 2) to base 14.
-1c1
1618b (base 16) to base 9
147133
What is -3234 (base 6) in base 15?
-347
What is -62531 (base 7) in base 2?
-11101111111111
-1018 (base 10) to base 11
-846
What is 54400 (base 7) in base 14?
4d37
What is -4540 (base 7) in base 16?
-66d
2b43 (base 13) to base 12
3798
1726 (base 15) to base 9
6750
-43546 (base 8) to base 6
-220342
-311432 (base 5) to base 14
-3a38
5241 (base 14) to base 13
65ac
6519 (base 15) to base 12
10473
526 (base 14) to base 5
13024
What is -134 (base 10) in base 5?
-1014
aba (base 13) to base 5
24333
Convert -799 (base 16) to base 11.
-1509
What is -353053 (base 6) in base 4?
-13130121
What is -96a (base 13) in base 15?
-724
1000001101000110 (base 2) to base 3
1201002200
Convert fe13 (base 16) to base 5.
4040133
Convert 111101010101011 (base 2) to base 13.
113a8
100011100100 (base 2) to base 10
2276
1120211201 (base 3) to base 9
46751
What is 2252 (base 8) in base 3?
1122020
What is 159 (base 12) in base 2?
11010101
What is 373 (base 12) in base 8?
1007
473 (base 11) to base 16
234
What is -2fab (base 16) in base 14?
-4639
Convert -1683 (base 9) to base 2.
-10100001010
What is 21b (base 14) in base 13?
261
What is 1338 (base 10) in base 2?
10100111010
Convert 1896 (base 16) to base 3.
22122010
Convert -12c (base 14) to base 9.
-282
-15917 (base 10) to base 7
-64256
What is -3199 (base 13) in base 12?
-3b9a
Convert -b692 (base 12) to base 15.
-5dc2
Convert -1436 (base 7) to base 12.
-3b2
Convert -10323 (base 4) to base 15.
-160
What is -8d7 (base 16) in base 9?
-3084
Convert -236 (base 15) to base 9.
-616
What is 45 (base 15) in base 5?
230
Convert 23 (base 12) to base 14.
1d
Convert -5922 (base 13) to base 10.
-12534
336 (base 8) to base 10
222
What is -44776 (base 8) in base 13?
-8811
What is 111101110 (base 2) in base 14?
274
What is 16121 (base 8) in base 10?
7249
-8c3 (base 14) to base 16
-6cb
Convert -2035 (base 10) to base 7.
-5635
What is 259 (base 16) in base 8?
1131
Convert -1010000 (base 2) to base 10.
-80
What is -118b2 (base 13) in base 8?
-76777
What is -101112 (base 3) in base 12?
-1b8
Convert 60a (base 11) to base 2.
1011100000
Convert -27fc (base 16) to base 3.
-112001010
Convert -a7 (base 15) to base 10.
-157
-22222 (base 3) to base 16
-f2
Convert -1725 (base 8) to base 11.
-812
What is 9ac (base 16) in base 3?
10101201
33101 (base 4) to base 14
4db
Convert -1819 (base 13) to base 8.
-6763
-101020002 (base 3) to base 6
-54302
What is 321312 (base 5) in base 2?
10101001010000
What is -11030003 (base 4) in base 9?
-32132
Convert 210421 (base 6) to base 5.
1021010
-122475 (base 8) to base 2
-1010010100111101
Convert 8e (base 15) to base 3.
11222
-1005 (base 15) to base 2
-110100110100
What is -390 (base 11) in base 13?
-297
What is 2712 (base 10) in base 15?
c0c
Convert 2270 (base 9) to base 13.
9c6
286 (base 12) to base 4
12012
What is 135d (base 16) in base 12?
2a51
Convert 642 (base 10) to base 11.
534
What is 1014500 (base 6) in base 12?
24430
2125 (base 9) to base 11
11a0
What is -36 (base 11) in base 14?
-2b
Convert 210201 (base 5) to base 6.
52022
What is 2a5 (base 16) in base 8?
1245
What is 1954 (base 13) in base 15?
11c7
Convert -11011 (base 4) to base 6.
-1301
What is -30805 (base 12) in base 13?
-22ac3
What is 3124 (base 10) in base 12?
1984
What is 224 (base 12) in base 6?
1244
5c1c (base 14) to base 2
11111011100010
10802 (base 15) to base 12
2640b
What is -1241 (base 5) in base 8?
-304
What is 102122201 (base 3) in base 12?
4b01
Convert 8ba (base 15) to base 2.
11110110111
-41251 (base 6) to base 11
-4153
What is 16426 (base 8) in base 14?
29dc
Convert 1014 (base 6) to base 7.
442
What is 5056 (base 7) in base 15?
7c1
1122021022 (base 3) to base 5
2013043
What is 208a (base 12) in base 11?
2749
What is -24901 (base 11) in base 9?
-53862
Convert 144154 (base 7) to base 8.
66337
What is 445 (base 7) in base 13?
148
-5400 (base 7) to base 12
-1133
-426 (base 9) to base 15
-183
What is 66 (base 14) in base 5?
330
What is 687 (base 9) in base 16?
235
Convert 21a9 (base 13) to base 15.
15d7
517 (base 14) to base 3
1101002
-507 (base 10) to base 16
-1fb
-97a (base 16) to base 3
-10022212
What is -1a48 (base 13) in base 8?
-7553
162c (base 15) to base 6
34023
-50a7 (base 16) to base 9
-31281
-10553 (base 10) to base 12
-6135
Convert 111310310 (base 4) to base 13.
318c8
-5a2 (base 13) to base 9
-1305
Convert 54 (base 7) to base 14.
2b
What is -13a26 (base 11) in base 6?
-232000
What is 3541 (base 6) in base 5?
11403
Convert 452053 (base 6) to base 7.
215634
What is 110100101111 (base 2) in base 6?
23343
What is -1e02 (base 16) in base 9?
-11475
-42153 (base 7) to base 2
-10100010001001
-333301 (base 4) to base 16
-ff1
What is -1110101111 (base 2) in base 11?
-788
-32102 (base 6) to base 2
-1000100000110
What is -1212021 (base 3) in base 4?
-111031
Convert 1011 (base 7) to base 13.
210
Convert 1914 (base 10) to base 12.
1136
-1cd8 (base 15) to base 4
-1202012
Convert 22001 (base 3) to base 7.
430
What is -101270 (base 8) in base 16?
-82b8
20610 (base 7) to base 12
2b53
What is -333424 (base 6) in base 9?
-42387
Convert -1858 (base 16) to base 3.
-22112211
-25a (base 11) to base 9
-371
What is -111100101101101 (base 2) in base 7?
-156425
-3323013 (base 5) to base 6
-1123551
-8740 (base 12) to base 14
-55cc
104 (base 14) to base 6
532
Convert 2852 (base 9) to base 16.
869
-1010020 (base 3) to base 5
-11231
-4a7 (base 11) to base 2
-1001011001
What is 261 (base 8) in base 13?
108
-7924 (base 10) to base 13
-37b7
Convert -11003230 (base 4) to base 8.
-50354
-1264 (base 13) to base 16
-a39
Convert 4a01 (base 15) to base 11.
1091a
-30221 (base 6) to base 3
-12110011
Convert 22322 (base 4) to base 14.
37c
What is -100220220 (base 3) in base 9?
-10826
What is 1101001111110 (base 2) in base 8?
15176
What is -ab70 (base 12) in base 16?
-4a04
10934 (base 13) to base 6
351245
Convert -13981 (base 12) to base 6.
-330241
-6c8c (base 15) to base 3
-1011122220
Convert -735 (base 8) to base 14.
-261
What is -10023 (base 4) in base 12?
-1a3
What is -488c (base 14) in base 6?
-134352
Convert 4077 (base 8) to base 3.
2220012
ba7 (base 16) to base 15
d3d
Convert -146 (base 12) to base 2.
-11000110
Convert -115 (base 16) to base 14.
-15b
114 (base 14) to base 4
3112
969 (base 16) to base 14
c41
What is db7b (base 15) in base 12?
22a82
Convert 216 (base 11) to base 5.
2014
Convert 100100110011000 (base 2) to base 5.
1100330
1111010 (base 2) to base 14
8a
What is 157a (base 15) in base 8?
11007
-10111310 (base 4) to base 6
-214152
-1236 (base 7) to base 2
-111010100
Convert -de4b (base 15) to base 14.
-13240
-23212 (base 9) to base 3
-210020102
What is 1325 (base 10) in base 9?
1732
What is 1533 (base 15) in base 14?
192c
What is 3192 (base 13) in base 11?
5194
423 (base 6) to base 13
c3
What is -12350 (base 6) in base 9?
-2503
What is 5ca (base 16) in base 14?
77c
What is e75 (base 15) in base 10?
3260
Convert -2068 (base 12) to base 8.
-6720
What is -2334 (base 15) in base 11?
-5685
Convert 14b (base 12) to base 8.
313
-1252 (base 10) to base 13
-754
What is 1203222 (ba